{"id":2334,"date":"2021-05-25T08:21:35","date_gmt":"2021-05-25T08:21:35","guid":{"rendered":"https:\/\/tierschutz-bremerhaven.eu\/?page_id=2334"},"modified":"2023-09-27T07:54:38","modified_gmt":"2023-09-27T07:54:38","slug":"jeunesse-ecole","status":"publish","type":"page","link":"https:\/\/www.tierschutz-bremerhaven.eu\/fr\/jugend-schule","title":{"rendered":"Jeunesse &amp; \u00c9cole"},"content":{"rendered":"<div data-elementor-type=\"wp-page\" data-elementor-id=\"2334\" class=\"elementor elementor-2334\" data-elementor-post-type=\"page\">\n\t\t\t\t\t\t<section class=\"elementor-section elementor-top-section elementor-element elementor-element-001ccb4 elementor-section-boxed elementor-section-height-default elementor-section-height-default\" data-id=\"001ccb4\" data-element_type=\"section\" data-e-type=\"section\" data-settings=\"{&quot;background_background&quot;:&quot;classic&quot;}\">\n\t\t\t\t\t\t<div class=\"elementor-container elementor-column-gap-default\">\n\t\t\t\t\t<div class=\"elementor-column elementor-col-100 elementor-top-column elementor-element elementor-element-6b70233\" data-id=\"6b70233\" data-element_type=\"column\" data-e-type=\"column\">\n\t\t\t<div class=\"elementor-widget-wrap elementor-element-populated\">\n\t\t\t\t\t\t<div class=\"elementor-element elementor-element-4862873 elementor-widget elementor-widget-heading\" data-id=\"4862873\" data-element_type=\"widget\" data-e-type=\"widget\" data-widget_type=\"heading.default\">\n\t\t\t\t<div class=\"elementor-widget-container\">\n\t\t\t\t\t<h3 class=\"elementor-heading-title elementor-size-default\">Futur en tous genres \/ Stage \/ AG<\/h3>\t\t\t\t<\/div>\n\t\t\t\t<\/div>\n\t\t\t\t<div class=\"elementor-element elementor-element-6c06c67 elementor-widget elementor-widget-text-editor\" data-id=\"6c06c67\" data-element_type=\"widget\" data-e-type=\"widget\" data-widget_type=\"text-editor.default\">\n\t\t\t\t<div class=\"elementor-widget-container\">\n\t\t\t\t\t\t\t\t\t<p>De votre enthousiasme pour notre refuge et de votre int\u00e9r\u00eat, <b>Votre<\/b> <strong>Futur en tous genres \/ Votre stage \/ Votre AG\u00a0<\/strong>de passer du temps chez nous, nous en sommes tr\u00e8s heureux. Depuis plusieurs ann\u00e9es d\u00e9j\u00e0, les enfants profitent de cette possibilit\u00e9 pour se familiariser avec le m\u00e9tier de soigneur animalier. Des projets int\u00e9ressants t'attendent. Tu pourrais par exemple g\u00e2ter nos amis \u00e0 quatre pattes en les promenant, cultiver de la nourriture pour animaux et la donner \u00e0 nos rongeurs, organiser une collecte de fonds, fabriquer des jouets pour animaux, d\u00e9couvrir le quotidien du refuge pour animaux, et bien d'autres choses encore.<\/p><p>Les \u00e9coles suivantes proposent actuellement une journ\u00e9e compl\u00e8te \u00e0 leurs \u00e9l\u00e8ves : Schulzentrum Carl von Ossietzky CVO, Kreisgymnasium Weserm\u00fcnde, Paula-Modersohn-Schule, Schule am Leher Markt.<\/p><p><b>Le site<\/b><strong>\u00a0<\/strong><strong>Futur en tous genres \/ le stage \/ l'AG\u00a0<\/strong>sur le site<strong>\u00a0<\/strong><strong>Refuge pour animaux<\/strong> est le souhait de nombreux \u00e9l\u00e8ves. C'est pourquoi il est tr\u00e8s important que vous vous inscriviez \u00e0 temps chez nous, car les places sont limit\u00e9es.<\/p><p><strong>Voici ce que tu dois apporter avec toi<\/strong><\/p><ul><li>Les documents de ton \u00e9cole<\/li><li>Ton carnet de vaccination\/vaccination<\/li><li>V\u00eatements non sensibles<\/li><li>Amour des animaux<\/li><li>Bonne humeur<\/li><\/ul><p>Merci de nous contacter au refuge au t\u00e9l : <a href=\"tel:047183257\">0471 - 8 32 57<\/a>. En dehors des heures d'ouverture, tu peux laisser un message sur notre r\u00e9pondeur. Tu seras imm\u00e9diatement rappel\u00e9.<\/p><p>Les visites au refuge ne sont possibles que sur rendez-vous.<\/p><p>Nous te remercions de ta compr\u00e9hension et nous r\u00e9jouissons de ta visite !<\/p>\t\t\t\t\t\t\t\t<\/div>\n\t\t\t\t<\/div>\n\t\t\t\t<div class=\"elementor-element elementor-element-82516fd elementor-widget elementor-widget-heading\" data-id=\"82516fd\" data-element_type=\"widget\" data-e-type=\"widget\" data-widget_type=\"heading.default\">\n\t\t\t\t<div class=\"elementor-widget-container\">\n\t\t\t\t\t<h2 class=\"elementor-heading-title elementor-size-default\">Visites guid\u00e9es pour les classes et les groupes de jeunes<\/h2>\t\t\t\t<\/div>\n\t\t\t\t<\/div>\n\t\t\t\t<div class=\"elementor-element elementor-element-5633557 elementor-widget elementor-widget-text-editor\" data-id=\"5633557\" data-element_type=\"widget\" data-e-type=\"widget\" data-widget_type=\"text-editor.default\">\n\t\t\t\t<div class=\"elementor-widget-container\">\n\t\t\t\t\t\t\t\t\t<p>Vous souhaitez faire plus ample connaissance avec le nouveau refuge et ses habitants actuels ? Pas de probl\u00e8me. Venez \u00e0 l'une de nos visites guid\u00e9es. Ces visites sont gratuites, mais nous sommes toujours heureux de recevoir un don pour le refuge.<\/p>\n<p>La visite guid\u00e9e de notre refuge dure environ 45 minutes et est accompagn\u00e9e aussi bien par des membres actifs de l'association que par nos gardiens d'animaux. Au cours de leur visite, les participants apprennent, lors du tour d'accueil, quelles sont les missions du refuge et comment sont pris en charge et soign\u00e9s les quelque 600 animaux en d\u00e9tresse chaque ann\u00e9e. Lors de la visite commune, les participants d\u00e9couvrent \u00e9galement le terrain du refuge.<\/p>\n<p>Vous souhaitez faire d\u00e9couvrir le refuge \u00e0 votre classe\/groupe d'enfants ou de jeunes ? Les groupes sont \u00e9galement les bienvenus chez nous.<\/p>\n<p><strong>Informations sur les visites de groupe :<\/strong><\/p>\n<ul>\n<li>Groupe de 10 personnes maximum<\/li>\n<li>Visite possible en semaine les jours d'ouverture<\/li>\n<li>Au moins un enseignant \/ tuteur pr\u00e9sent<\/li>\n<li>\u00c2ge minimum des enfants : 6 ans<\/li>\n<li>le cas \u00e9ch\u00e9ant, l'accord des participants pour la prise de photos et de vid\u00e9os qui seront publi\u00e9es sur le site Internet et dans les m\u00e9dias sociaux de l'association<\/li>\n<li>Inscription, si possible, 3 semaines avant la date souhait\u00e9e\n<p><\/p><\/li>\n<\/ul>\n<p>Veuillez adresser vos demandes de visites guid\u00e9es du refuge par e-mail \u00e0 <a href=\"mailto:info@tierschutz-bremerhaven.de\"><u>info@tierschutz-bremerhaven.de<\/u><\/a><\/p>\n<p>Ou contactez-nous au refuge au t\u00e9l : <a href=\"tel:047183257\">0471 - 8 32 57<\/a>. En dehors de nos heures d'ouverture, vous pouvez laisser un message sur notre r\u00e9pondeur. Vous serez imm\u00e9diatement rappel\u00e9.<\/p>\n<p><br><\/p>\t\t\t\t\t\t\t\t<\/div>\n\t\t\t\t<\/div>\n\t\t\t\t\t<\/div>\n\t\t<\/div>\n\t\t\t\t\t<\/div>\n\t\t<\/section>\n\t\t\t\t<\/div>","protected":false},"excerpt":{"rendered":"<p>Zukunftstag \/ Praktikum \/ AG \u00dcber Eure Begeisterung f\u00fcr unser Tierheim und Euer Interesse, Euren Zukunftstag \/ Euer Praktikum \/ Euere AG\u00a0bei uns zu verbringen, freuen wir uns sehr. Bereits seit mehreren Jahren nutzen Kinder diese M\u00f6glichkeit, um in den Beruf des Tierpflegers reinzuschnuppern. Es warten interessante Projekt auf Dich. Du k\u00f6nntest z. B. unsere [&hellip;]<\/p>\n","protected":false},"author":3,"featured_media":0,"parent":0,"menu_order":0,"comment_status":"closed","ping_status":"closed","template":"","meta":{"footnotes":""},"class_list":["post-2334","page","type-page","status-publish","hentry"],"_links":{"self":[{"href":"https:\/\/www.tierschutz-bremerhaven.eu\/fr\/wp-json\/wp\/v2\/pages\/2334","targetHints":{"allow":["GET"]}}],"collection":[{"href":"https:\/\/www.tierschutz-bremerhaven.eu\/fr\/wp-json\/wp\/v2\/pages"}],"about":[{"href":"https:\/\/www.tierschutz-bremerhaven.eu\/fr\/wp-json\/wp\/v2\/types\/page"}],"author":[{"embeddable":true,"href":"https:\/\/www.tierschutz-bremerhaven.eu\/fr\/wp-json\/wp\/v2\/users\/3"}],"replies":[{"embeddable":true,"href":"https:\/\/www.tierschutz-bremerhaven.eu\/fr\/wp-json\/wp\/v2\/comments?post=2334"}],"version-history":[{"count":94,"href":"https:\/\/www.tierschutz-bremerhaven.eu\/fr\/wp-json\/wp\/v2\/pages\/2334\/revisions"}],"predecessor-version":[{"id":9019,"href":"https:\/\/www.tierschutz-bremerhaven.eu\/fr\/wp-json\/wp\/v2\/pages\/2334\/revisions\/9019"}],"wp:attachment":[{"href":"https:\/\/www.tierschutz-bremerhaven.eu\/fr\/wp-json\/wp\/v2\/media?parent=2334"}],"curies":[{"name":"wp","href":"https:\/\/api.w.org\/{rel}","templated":true}]}}

Jeunesse &amp; École

<div data-elementor-type="wp-page" data-elementor-id="2334" class="elementor elementor-2334" data-elementor-post-type="page">
						<section class="elementor-section elementor-top-section elementor-element elementor-element-001ccb4 elementor-section-boxed elementor-section-height-default elementor-section-height-default" data-id="001ccb4" data-element_type="section" data-e-type="section" data-settings="{&quot;background_background&quot;:&quot;classic&quot;}">
						<div class="elementor-container elementor-column-gap-default">
					<div class="elementor-column elementor-col-100 elementor-top-column elementor-element elementor-element-6b70233" data-id="6b70233" data-element_type="column" data-e-type="column">
			<div class="elementor-widget-wrap elementor-element-populated">
						<div class="elementor-element elementor-element-4862873 elementor-widget elementor-widget-heading" data-id="4862873" data-element_type="widget" data-e-type="widget" data-widget_type="heading.default">
				<div class="elementor-widget-container">
					<h3 class="elementor-heading-title elementor-size-default">Futur en tous genres / Stage / AG</h3>				</div>
				</div>
				<div class="elementor-element elementor-element-6c06c67 elementor-widget elementor-widget-text-editor" data-id="6c06c67" data-element_type="widget" data-e-type="widget" data-widget_type="text-editor.default">
				<div class="elementor-widget-container">
									<p>De votre enthousiasme pour notre refuge et de votre intérêt, <b>Votre</b> <strong>Futur en tous genres / Votre stage / Votre AG </strong>de passer du temps chez nous, nous en sommes très heureux. Depuis plusieurs années déjà, les enfants profitent de cette possibilité pour se familiariser avec le métier de soigneur animalier. Des projets intéressants t'attendent. Tu pourrais par exemple gâter nos amis à quatre pattes en les promenant, cultiver de la nourriture pour animaux et la donner à nos rongeurs, organiser une collecte de fonds, fabriquer des jouets pour animaux, découvrir le quotidien du refuge pour animaux, et bien d'autres choses encore.</p><p>Les écoles suivantes proposent actuellement une journée complète à leurs élèves : Schulzentrum Carl von Ossietzky CVO, Kreisgymnasium Wesermünde, Paula-Modersohn-Schule, Schule am Leher Markt.</p><p><b>Le site</b><strong> </strong><strong>Futur en tous genres / le stage / l'AG </strong>sur le site<strong> </strong><strong>Refuge pour animaux</strong> est le souhait de nombreux élèves. C'est pourquoi il est très important que vous vous inscriviez à temps chez nous, car les places sont limitées.</p><p><strong>Voici ce que tu dois apporter avec toi</strong></p><ul><li>Les documents de ton école</li><li>Ton carnet de vaccination/vaccination</li><li>Vêtements non sensibles</li><li>Amour des animaux</li><li>Bonne humeur</li></ul><p>Merci de nous contacter au refuge au tél : <a href="tel:047183257">0471 - 8 32 57</a>. En dehors des heures d'ouverture, tu peux laisser un message sur notre répondeur. Tu seras immédiatement rappelé.</p><p>Les visites au refuge ne sont possibles que sur rendez-vous.</p><p>Nous te remercions de ta compréhension et nous réjouissons de ta visite !</p>								</div>
				</div>
				<div class="elementor-element elementor-element-82516fd elementor-widget elementor-widget-heading" data-id="82516fd" data-element_type="widget" data-e-type="widget" data-widget_type="heading.default">
				<div class="elementor-widget-container">
					<h2 class="elementor-heading-title elementor-size-default">Visites guidées pour les classes et les groupes de jeunes</h2>				</div>
				</div>
				<div class="elementor-element elementor-element-5633557 elementor-widget elementor-widget-text-editor" data-id="5633557" data-element_type="widget" data-e-type="widget" data-widget_type="text-editor.default">
				<div class="elementor-widget-container">
									<p>Vous souhaitez faire plus ample connaissance avec le nouveau refuge et ses habitants actuels ? Pas de problème. Venez à l'une de nos visites guidées. Ces visites sont gratuites, mais nous sommes toujours heureux de recevoir un don pour le refuge.</p>
<p>La visite guidée de notre refuge dure environ 45 minutes et est accompagnée aussi bien par des membres actifs de l'association que par nos gardiens d'animaux. Au cours de leur visite, les participants apprennent, lors du tour d'accueil, quelles sont les missions du refuge et comment sont pris en charge et soignés les quelque 600 animaux en détresse chaque année. Lors de la visite commune, les participants découvrent également le terrain du refuge.</p>
<p>Vous souhaitez faire découvrir le refuge à votre classe/groupe d'enfants ou de jeunes ? Les groupes sont également les bienvenus chez nous.</p>
<p><strong>Informations sur les visites de groupe :</strong></p>
<ul>
<li>Groupe de 10 personnes maximum</li>
<li>Visite possible en semaine les jours d'ouverture</li>
<li>Au moins un enseignant / tuteur présent</li>
<li>Âge minimum des enfants : 6 ans</li>
<li>le cas échéant, l'accord des participants pour la prise de photos et de vidéos qui seront publiées sur le site Internet et dans les médias sociaux de l'association</li>
<li>Inscription, si possible, 3 semaines avant la date souhaitée
<p></p></li>
</ul>
<p>Veuillez adresser vos demandes de visites guidées du refuge par e-mail à <a href="mailto:info@tierschutz-bremerhaven.de"><u>info@tierschutz-bremerhaven.de</u></a></p>
<p>Ou contactez-nous au refuge au tél : <a href="tel:047183257">0471 - 8 32 57</a>. En dehors de nos heures d'ouverture, vous pouvez laisser un message sur notre répondeur. Vous serez immédiatement rappelé.</p>
<p><br></p>								</div>
				</div>
					</div>
		</div>
					</div>
		</section>
				</div>

<p>Zukunftstag / Praktikum / AG Über Eure Begeisterung für unser Tierheim und Euer Interesse, Euren Zukunftstag / Euer Praktikum / Euere AG bei uns zu verbringen, freuen wir uns sehr. Bereits seit mehreren Jahren nutzen Kinder diese Möglichkeit, um in den Beruf des Tierpflegers reinzuschnuppern. Es warten interessante Projekt auf Dich. Du könntest z. B. unsere [&hellip;]</p>
