{"id":2050,"date":"2021-04-30T07:52:23","date_gmt":"2021-04-30T07:52:23","guid":{"rendered":"https:\/\/tierschutz-bremerhaven.eu\/?page_id=2050"},"modified":"2024-09-06T15:06:28","modified_gmt":"2024-09-06T14:06:28","slug":"impresszum","status":"publish","type":"page","link":"https:\/\/www.tierschutz-bremerhaven.eu\/hu\/impressum","title":{"rendered":"Impresszum"},"content":{"rendered":"<p>\u00c1llatv\u00e9delem Bremerhaven e.V.<br>Viel\u00e4nder Weg 137<\/p>\n\n\n\n<p>27574 Bremerhaven&nbsp;<\/p>\n\n\n\n<p>Telefon:&nbsp;<a href=\"tel:047183257\">0471 8 32 57<\/a><br>Fax: 0471 9 81 26 76<\/p>\n\n\n\n<p>e-mail:&nbsp;<a href=\"mailto:info@tierschutz-bremerhaven.eu\">info@tierschutz-bremerhaven.eu<\/a><br>URL: <a href=\"http:\/\/www.tierschutz-bremerhaven.eu\/hu\/\">www.tierschutz-bremerhaven.eu<\/a><\/p>\n\n\n\n<p>IBAN: DE 49 2925 0000 0002 0075 50<br>BIC: BRLADE21BRS<\/p>\n\n\n\n<p>Nyilv\u00e1ntart\u00f3 b\u00edr\u00f3s\u00e1g: Br\u00e9mai Helyi B\u00edr\u00f3s\u00e1g<br>Nyilv\u00e1ntart\u00e1si sz\u00e1m: 564 BHV<\/p>\n\n\n\n<p>Az UStG 27a \u00a7-a szerinti H\u00c9A-azonos\u00edt\u00f3:  DE 114709126<\/p>\n\n\n\n<p>K\u00e9pviseletre jogosult \u00e9s felel\u0151s a kiadv\u00e1nyok tartalm\u00e1\u00e9rt \u00e9s az RStV 55. \u00a7 (2) bekezd\u00e9se \u00e9rtelm\u00e9ben:<\/p>\n\n\n\n<p>Inga Albers eln\u00f6k asszony<\/p>\n\n\n\n<p>Az eln\u00f6k asszony a fenti postac\u00edmen is el\u00e9rhet\u0151.<\/p>\n\n\n\n<p><strong>Felel\u0151ss\u00e9g a tartalom\u00e9rt<\/strong><\/p>\n\n\n\n<p>Szolg\u00e1ltat\u00f3k\u00e9nt a TMG (n\u00e9met telem\u00e9diat\u00f6rv\u00e9ny) 7. szakasz\u00e1nak (1) bekezd\u00e9se \u00e9s az \u00e1ltal\u00e1nos jogszab\u00e1lyok \u00e9rtelm\u00e9ben felel\u0151sek vagyunk az ezeken az oldalakon tal\u00e1lhat\u00f3 saj\u00e1t tartalmak\u00e9rt. A TMG 8-10. \u00a7-ai szerint azonban szolg\u00e1ltat\u00f3k\u00e9nt nem vagyunk k\u00f6telesek a tov\u00e1bb\u00edtott vagy t\u00e1rolt, harmadik f\u00e9lt\u0151l sz\u00e1rmaz\u00f3 inform\u00e1ci\u00f3kat ellen\u0151rizni, illetve a jogellenes tev\u00e9kenys\u00e9gre utal\u00f3 k\u00f6r\u00fclm\u00e9nyeket kivizsg\u00e1lni.<\/p>\n\n\n\n<p>Ez nem \u00e9rinti az inform\u00e1ci\u00f3k elt\u00e1vol\u00edt\u00e1s\u00e1ra vagy felhaszn\u00e1l\u00e1s\u00e1nak megakad\u00e1lyoz\u00e1s\u00e1ra vonatkoz\u00f3, az \u00e1ltal\u00e1nos jogszab\u00e1lyoknak megfelel\u0151 k\u00f6telezetts\u00e9geket. Az ezzel kapcsolatos felel\u0151ss\u00e9gre von\u00e1s azonban csak att\u00f3l az id\u0151pontt\u00f3l kezdve lehets\u00e9ges, amikor a konkr\u00e9t jogs\u00e9rt\u00e9sr\u0151l tudom\u00e1st szerezt\u00fcnk. Amint tudom\u00e1st szerz\u00fcnk az ilyen jogs\u00e9rt\u00e9sekr\u0151l, azonnal elt\u00e1vol\u00edtjuk ezt a tartalmat. <\/p>\n\n\n\n<p><strong>Felel\u0151ss\u00e9g a linkek\u00e9rt<\/strong><\/p>\n\n\n\n<p>Weboldalunk k\u00fcls\u0151, harmadik felek weboldalaira mutat\u00f3 linkeket tartalmaz, amelyek tartalm\u00e1ra nincs befoly\u00e1sunk. Ez\u00e9rt nem tudunk felel\u0151ss\u00e9get v\u00e1llalni ezek\u00e9rt a harmadik f\u00e9lt\u0151l sz\u00e1rmaz\u00f3 tartalmak\u00e9rt. A hivatkozott oldalak tartalm\u00e1\u00e9rt mindig a mindenkori szolg\u00e1ltat\u00f3 vagy az oldalak \u00fczemeltet\u0151je felel\u0151s. A linkelt oldalakat a linkel\u00e9s id\u0151pontj\u00e1ban ellen\u0151rizt\u00fck az esetleges t\u00f6rv\u00e9nys\u00e9rt\u00e9sek szempontj\u00e1b\u00f3l. Jogellenes tartalmak a linkel\u00e9s id\u0151pontj\u00e1ban nem voltak felismerhet\u0151k.<\/p>\n\n\n\n<p>A hivatkozott oldalak tartalm\u00e1nak \u00e1lland\u00f3 ellen\u0151rz\u00e9se azonban nem \u00e9sszer\u0171 a jogs\u00e9rt\u00e9s konkr\u00e9t bizony\u00edt\u00e9ka n\u00e9lk\u00fcl. Amennyiben jogszab\u00e1lys\u00e9rt\u00e9sr\u0151l szerez\u00fcnk tudom\u00e1st, azonnal elt\u00e1vol\u00edtjuk az ilyen linkeket.<\/p>\n\n\n\n<p><strong>Szerz\u0151i jog<\/strong><\/p>\n\n\n\n<p>Az oldal \u00fczemeltet\u0151i \u00e1ltal ezen oldalakon l\u00e9trehozott tartalmak \u00e9s m\u0171vek a n\u00e9met szerz\u0151i jog hat\u00e1lya al\u00e1 tartoznak. A sokszoros\u00edt\u00e1s, feldolgoz\u00e1s, terjeszt\u00e9s \u00e9s a szerz\u0151i jogi korl\u00e1tokon k\u00edv\u00fcli b\u00e1rmilyen felhaszn\u00e1l\u00e1s csak az adott szerz\u0151 vagy alkot\u00f3 \u00edr\u00e1sbeli hozz\u00e1j\u00e1rul\u00e1s\u00e1val lehets\u00e9ges. Az oldal let\u00f6lt\u00e9se \u00e9s m\u00e1sol\u00e1sa kiz\u00e1r\u00f3lag mag\u00e1njelleg\u0171, nem kereskedelmi c\u00e9l\u00fa felhaszn\u00e1l\u00e1sra enged\u00e9lyezett.<\/p>\n\n\n\n<p>Amennyiben az ezen az oldalon tal\u00e1lhat\u00f3 tartalmakat nem az \u00fczemeltet\u0151 k\u00e9sz\u00edtette, a harmadik felek szerz\u0151i jogait tiszteletben tartjuk. K\u00fcl\u00f6n\u00f6sen a harmadik f\u00e9lt\u0151l sz\u00e1rmaz\u00f3 tartalmakat jel\u00f6lik meg. Amennyiben m\u00e9gis tudom\u00e1s\u00e1ra jutna, hogy a szerz\u0151i jogokat megs\u00e9rtett\u00e9k, k\u00e9rj\u00fck, t\u00e1j\u00e9koztasson minket err\u0151l. Amennyiben jogs\u00e9rt\u00e9sr\u0151l szerez\u00fcnk tudom\u00e1st, azonnal elt\u00e1vol\u00edtjuk az ilyen tartalmakat.<\/p>\n\n\n\n<p>A jobb olvashat\u00f3s\u00e1g \u00e9rdek\u00e9ben a f\u00e9rfi, n\u0151i \u00e9s k\u00fcl\u00f6nb\u00f6z\u0151 (m\/f\/d) nyelvi form\u00e1k egyidej\u0171 haszn\u00e1lat\u00e1t elhagyjuk. Minden szem\u00e9lyi megjel\u00f6l\u00e9s egyform\u00e1n vonatkozik minden nemre.<\/p>\n\n\n\n<p><strong>Tervez\u00e9s \u00e9s programoz\u00e1s<\/strong><\/p>\n\n\n\n<p>GROTE MEDIA GmbH<br>Kantstra\u00dfe 4<br>27568 Bremerhaven<br>Telefon: <a href=\"tel:0471983370\">0471 98 33 7-0<\/a><br><a href=\"mailto:info@grote-media.de\">info@grote-media.de<\/a><br><a href=\"https:\/\/grote-media.de\/\" target=\"_blank\" rel=\"noreferrer noopener\">www.grote-media.de<\/a><\/p>","protected":false},"excerpt":{"rendered":"<p>Tierschutz Bremerhaven e.V.Viel\u00e4nder Weg 137 27574 Bremerhaven&nbsp; Telefon:&nbsp;0471 8 32 57Telefax:&nbsp;0471 9 81 26 76 E-Mail:&nbsp;info@tierschutz-bremerhaven.euURL: www.tierschutz-bremerhaven.eu IBAN: DE&nbsp;49 2925 0000 0002&nbsp;0075 50BIC: BRLADE21BRS Registergericht: Amtsgericht BremenRegisternummer: 564 BHV USt-ID gem. \u00a7 27a UStG: &nbsp;DE 114709126 Vertretungsberechtigt und f\u00fcr den Inhalt der Publikationen sowie im Sinne des RStV, \u00a7 55 Abs. 2 verantwortlich ist: Inga [&hellip;]<\/p>\n","protected":false},"author":3,"featured_media":0,"parent":0,"menu_order":0,"comment_status":"closed","ping_status":"closed","template":"","meta":{"footnotes":""},"class_list":["post-2050","page","type-page","status-publish","hentry"],"_links":{"self":[{"href":"https:\/\/www.tierschutz-bremerhaven.eu\/hu\/wp-json\/wp\/v2\/pages\/2050","targetHints":{"allow":["GET"]}}],"collection":[{"href":"https:\/\/www.tierschutz-bremerhaven.eu\/hu\/wp-json\/wp\/v2\/pages"}],"about":[{"href":"https:\/\/www.tierschutz-bremerhaven.eu\/hu\/wp-json\/wp\/v2\/types\/page"}],"author":[{"embeddable":true,"href":"https:\/\/www.tierschutz-bremerhaven.eu\/hu\/wp-json\/wp\/v2\/users\/3"}],"replies":[{"embeddable":true,"href":"https:\/\/www.tierschutz-bremerhaven.eu\/hu\/wp-json\/wp\/v2\/comments?post=2050"}],"version-history":[{"count":10,"href":"https:\/\/www.tierschutz-bremerhaven.eu\/hu\/wp-json\/wp\/v2\/pages\/2050\/revisions"}],"predecessor-version":[{"id":10683,"href":"https:\/\/www.tierschutz-bremerhaven.eu\/hu\/wp-json\/wp\/v2\/pages\/2050\/revisions\/10683"}],"wp:attachment":[{"href":"https:\/\/www.tierschutz-bremerhaven.eu\/hu\/wp-json\/wp\/v2\/media?parent=2050"}],"curies":[{"name":"wp","href":"https:\/\/api.w.org\/{rel}","templated":true}]}}

<p>Állatvédelem Bremerhaven e.V.<br>Vieländer Weg 137</p>



<p>27574 Bremerhaven&nbsp;</p>



<p>Telefon:&nbsp;<a href="tel:047183257">0471 8 32 57</a><br>Fax: 0471 9 81 26 76</p>



<p>e-mail:&nbsp;<a href="mailto:info@tierschutz-bremerhaven.eu">info@tierschutz-bremerhaven.eu</a><br>URL: <a href="http://www.tierschutz-bremerhaven.eu/hu/">www.tierschutz-bremerhaven.eu</a></p>



<p>IBAN: DE 49 2925 0000 0002 0075 50<br>BIC: BRLADE21BRS</p>



<p>Nyilvántartó bíróság: Brémai Helyi Bíróság<br>Nyilvántartási szám: 564 BHV</p>



<p>Az UStG 27a §-a szerinti HÉA-azonosító:  DE 114709126</p>



<p>Képviseletre jogosult és felelős a kiadványok tartalmáért és az RStV 55. § (2) bekezdése értelmében:</p>



<p>Inga Albers elnök asszony</p>



<p>Az elnök asszony a fenti postacímen is elérhető.</p>



<p><strong>Felelősség a tartalomért</strong></p>



<p>Szolgáltatóként a TMG (német telemédiatörvény) 7. szakaszának (1) bekezdése és az általános jogszabályok értelmében felelősek vagyunk az ezeken az oldalakon található saját tartalmakért. A TMG 8-10. §-ai szerint azonban szolgáltatóként nem vagyunk kötelesek a továbbított vagy tárolt, harmadik féltől származó információkat ellenőrizni, illetve a jogellenes tevékenységre utaló körülményeket kivizsgálni.</p>



<p>Ez nem érinti az információk eltávolítására vagy felhasználásának megakadályozására vonatkozó, az általános jogszabályoknak megfelelő kötelezettségeket. Az ezzel kapcsolatos felelősségre vonás azonban csak attól az időponttól kezdve lehetséges, amikor a konkrét jogsértésről tudomást szereztünk. Amint tudomást szerzünk az ilyen jogsértésekről, azonnal eltávolítjuk ezt a tartalmat. </p>



<p><strong>Felelősség a linkekért</strong></p>



<p>Weboldalunk külső, harmadik felek weboldalaira mutató linkeket tartalmaz, amelyek tartalmára nincs befolyásunk. Ezért nem tudunk felelősséget vállalni ezekért a harmadik féltől származó tartalmakért. A hivatkozott oldalak tartalmáért mindig a mindenkori szolgáltató vagy az oldalak üzemeltetője felelős. A linkelt oldalakat a linkelés időpontjában ellenőriztük az esetleges törvénysértések szempontjából. Jogellenes tartalmak a linkelés időpontjában nem voltak felismerhetők.</p>



<p>A hivatkozott oldalak tartalmának állandó ellenőrzése azonban nem ésszerű a jogsértés konkrét bizonyítéka nélkül. Amennyiben jogszabálysértésről szerezünk tudomást, azonnal eltávolítjuk az ilyen linkeket.</p>



<p><strong>Szerzői jog</strong></p>



<p>Az oldal üzemeltetői által ezen oldalakon létrehozott tartalmak és művek a német szerzői jog hatálya alá tartoznak. A sokszorosítás, feldolgozás, terjesztés és a szerzői jogi korlátokon kívüli bármilyen felhasználás csak az adott szerző vagy alkotó írásbeli hozzájárulásával lehetséges. Az oldal letöltése és másolása kizárólag magánjellegű, nem kereskedelmi célú felhasználásra engedélyezett.</p>



<p>Amennyiben az ezen az oldalon található tartalmakat nem az üzemeltető készítette, a harmadik felek szerzői jogait tiszteletben tartjuk. Különösen a harmadik féltől származó tartalmakat jelölik meg. Amennyiben mégis tudomására jutna, hogy a szerzői jogokat megsértették, kérjük, tájékoztasson minket erről. Amennyiben jogsértésről szerezünk tudomást, azonnal eltávolítjuk az ilyen tartalmakat.</p>



<p>A jobb olvashatóság érdekében a férfi, női és különböző (m/f/d) nyelvi formák egyidejű használatát elhagyjuk. Minden személyi megjelölés egyformán vonatkozik minden nemre.</p>



<p><strong>Tervezés és programozás</strong></p>



<p>GROTE MEDIA GmbH<br>Kantstraße 4<br>27568 Bremerhaven<br>Telefon: <a href="tel:0471983370">0471 98 33 7-0</a><br><a href="mailto:info@grote-media.de">info@grote-media.de</a><br><a href="https://grote-media.de/" target="_blank" rel="noreferrer noopener">www.grote-media.de</a></p>

<p>Tierschutz Bremerhaven e.V.Vieländer Weg 137 27574 Bremerhaven&nbsp; Telefon:&nbsp;0471 8 32 57Telefax:&nbsp;0471 9 81 26 76 E-Mail:&nbsp;info@tierschutz-bremerhaven.euURL: www.tierschutz-bremerhaven.eu IBAN: DE&nbsp;49 2925 0000 0002&nbsp;0075 50BIC: BRLADE21BRS Registergericht: Amtsgericht BremenRegisternummer: 564 BHV USt-ID gem. § 27a UStG: &nbsp;DE 114709126 Vertretungsberechtigt und für den Inhalt der Publikationen sowie im Sinne des RStV, § 55 Abs. 2 verantwortlich ist: Inga [&hellip;]</p>
