{"id":6542,"date":"2022-03-15T12:02:51","date_gmt":"2022-03-15T12:02:51","guid":{"rendered":"https:\/\/www.tierschutz-bremerhaven.eu\/?page_id=6542"},"modified":"2022-11-23T15:42:49","modified_gmt":"2022-11-23T15:42:49","slug":"historia-klubu","status":"publish","type":"page","link":"https:\/\/www.tierschutz-bremerhaven.eu\/pl\/ueber-uns\/vereinsgeschichte","title":{"rendered":"Historia klubu"},"content":{"rendered":"\n\n\t\t<div data-elementor-type=\"wp-page\" data-elementor-id=\"6542\" class=\"elementor elementor-6542\" data-elementor-post-type=\"page\">\n\t\t\t\t\t\t<section class=\"elementor-section elementor-top-section elementor-element elementor-element-586dfa42 elementor-section-boxed elementor-section-height-default elementor-section-height-default\" data-id=\"586dfa42\" data-element_type=\"section\" data-e-type=\"section\">\n\t\t\t\t\t\t<div class=\"elementor-container elementor-column-gap-custom\">\n\t\t\t\t\t<div class=\"elementor-column elementor-col-100 elementor-top-column elementor-element elementor-element-3d5e28bc\" data-id=\"3d5e28bc\" data-element_type=\"column\" data-e-type=\"column\">\n\t\t\t<div class=\"elementor-widget-wrap elementor-element-populated\">\n\t\t\t\t\t\t<div class=\"elementor-element elementor-element-4e9427d7 elementor-widget elementor-widget-heading\" data-id=\"4e9427d7\" data-element_type=\"widget\" data-e-type=\"widget\" data-widget_type=\"heading.default\">\n\t\t\t\t<div class=\"elementor-widget-container\">\n\t\t\t\t\t<h2 class=\"elementor-heading-title elementor-size-default\">Die Vereinsgeschichte<\/h2>\t\t\t\t<\/div>\n\t\t\t\t<\/div>\n\t\t\t\t<div class=\"elementor-element elementor-element-71cde503 elementor-widget elementor-widget-text-editor\" data-id=\"71cde503\" data-element_type=\"widget\" data-e-type=\"widget\" data-widget_type=\"text-editor.default\">\n\t\t\t\t<div class=\"elementor-widget-container\">\n\t\t\t\t\t\t\t\t\t<p>Es waren die Markt- und Kutschpferde, die zur Gr\u00fcndung des Tierschutzes Bremerhaven beitrugen. Das Ehepaar Nelli und Walter Haas beschloss am 22.11.1922 gemeinsam mit 16 Mitstreitern, sich f\u00fcr diese geschundenen Tiere und die \u00fcberlasteten Pferde in den Sandfuhrwerken einzusetzen. Sie bauten in der Auerstra\u00dfe einen Stall, in dem 12 Pferde betreut werden konnten. Damit stie\u00dfen sie anfangs jedoch nicht nur auf Zuspruch &#8211; Spott und Hohn schlug ihnen entgegen. Tierschutzinspektionen mussten damals sogar unter Polizeischutz durchgef\u00fchrt werden.<\/p><p>Der Stall wurde im Krieg zerst\u00f6rt. Trotz aller Gegenwehr standen die Mitglieder den Tieren weiter tapfer zur Seite, bauten den Stall wieder auf und erweiterten ihn \u2013 nun konnten auch Katzen aufgenommen werden. 1957 entstand auf der Wurster Stra\u00dfe ein neues Tierheim. Nun konnten noch viele andere Tiere ein Zuhause finden. Manche sogar von ganz allein: Katzenmama Britt schleppte ihre Babys nach und nach ins neue Haus und sorgte so f\u00fcr die inoffizielle Er\u00f6ffnung. Neben Katzen wurden nun auch Hunde, V\u00f6gel und Nager umsorgt. Inzwischen war der Verein auf \u00fcber 300 Mitglieder gewachsen und die Zahl derer, die helfen und Gutes tun wollten, stieg immer weiter. Heute hat der Verein die magische Zahl von 1000 Mitgliedern erreicht, die mit Spenden jeglicher Art daf\u00fcr sorgen, dass es den Tieren gut geht.<\/p><p>Doch auch die Tierarten und ihre Bed\u00fcrfnisse wurden immer vielf\u00e4ltiger. 2012 fiel die Entscheidung, ein neues Tierheim am Viel\u00e4nder Weg zu bauen. 2020 wurde Er\u00f6ffnung gefeiert. Nicht nur Hunde, Katzen, V\u00f6gel und Kaninchen sind nun hier beheimatet, sondern auch Schildkr\u00f6ten, H\u00fchner und Igel werden versorgt. Und auch einen Pferdestall wird es wieder geben \u2013 nachdem vor 100 Jahren alles damit begann.<\/p>\t\t\t\t\t\t\t\t<\/div>\n\t\t\t\t<\/div>\n\t\t\t\t<div class=\"elementor-element elementor-element-e7d2507 elementor-widget elementor-widget-image\" data-id=\"e7d2507\" data-element_type=\"widget\" data-e-type=\"widget\" data-widget_type=\"image.default\">\n\t\t\t\t<div class=\"elementor-widget-container\">\n\t\t\t\t\t\t\t\t\t\t\t\t\t\t\t<img fetchpriority=\"high\" decoding=\"async\" width=\"768\" height=\"542\" src=\"https:\/\/www.tierschutz-bremerhaven.eu\/wp-content\/uploads\/2022\/11\/07_Plakat_Jubilaeum_Tierschutz_BRH_page-0001-768x542.jpg\" class=\"attachment-medium_large size-medium_large wp-image-7649\" alt=\"\" srcset=\"https:\/\/www.tierschutz-bremerhaven.eu\/wp-content\/uploads\/2022\/11\/07_Plakat_Jubilaeum_Tierschutz_BRH_page-0001-768x542.jpg 768w, https:\/\/www.tierschutz-bremerhaven.eu\/wp-content\/uploads\/2022\/11\/07_Plakat_Jubilaeum_Tierschutz_BRH_page-0001-300x212.jpg 300w, https:\/\/www.tierschutz-bremerhaven.eu\/wp-content\/uploads\/2022\/11\/07_Plakat_Jubilaeum_Tierschutz_BRH_page-0001-1024x723.jpg 1024w, https:\/\/www.tierschutz-bremerhaven.eu\/wp-content\/uploads\/2022\/11\/07_Plakat_Jubilaeum_Tierschutz_BRH_page-0001-1536x1085.jpg 1536w, https:\/\/www.tierschutz-bremerhaven.eu\/wp-content\/uploads\/2022\/11\/07_Plakat_Jubilaeum_Tierschutz_BRH_page-0001-2048x1446.jpg 2048w\" sizes=\"(max-width: 768px) 100vw, 768px\" \/>\t\t\t\t\t\t\t\t\t\t\t\t\t\t\t<\/div>\n\t\t\t\t<\/div>\n\t\t\t\t\t<\/div>\n\t\t<\/div>\n\t\t\t\t\t<\/div>\n\t\t<\/section>\n\t\t\t\t<section class=\"elementor-section elementor-top-section elementor-element elementor-element-1d06fdbf elementor-section-content-bottom elementor-section-boxed elementor-section-height-default elementor-section-height-default\" data-id=\"1d06fdbf\" data-element_type=\"section\" data-e-type=\"section\" data-settings=\"{&quot;background_background&quot;:&quot;classic&quot;}\">\n\t\t\t\t\t\t<div class=\"elementor-container elementor-column-gap-no\">\n\t\t\t\t\t<div class=\"elementor-column elementor-col-100 elementor-top-column elementor-element elementor-element-55d5acd6\" data-id=\"55d5acd6\" data-element_type=\"column\" data-e-type=\"column\">\n\t\t\t<div class=\"elementor-widget-wrap elementor-element-populated\">\n\t\t\t\t\t\t<div class=\"elementor-element elementor-element-3de3f600 elementor-widget elementor-widget-heading\" data-id=\"3de3f600\" data-element_type=\"widget\" data-e-type=\"widget\" data-widget_type=\"heading.default\">\n\t\t\t\t<div class=\"elementor-widget-container\">\n\t\t\t\t\t<h2 class=\"elementor-heading-title elementor-size-default\">Wie k\u00f6nnen wir helfen?<\/h2>\t\t\t\t<\/div>\n\t\t\t\t<\/div>\n\t\t\t\t<div class=\"elementor-element elementor-element-273b1c3f elementor-button-align-stretch elementor-widget elementor-widget-form\" data-id=\"273b1c3f\" data-element_type=\"widget\" data-e-type=\"widget\" data-settings=\"{&quot;step_next_label&quot;:&quot;Next&quot;,&quot;step_previous_label&quot;:&quot;Previous&quot;,&quot;button_width&quot;:&quot;100&quot;,&quot;step_type&quot;:&quot;number_text&quot;,&quot;step_icon_shape&quot;:&quot;circle&quot;}\" data-widget_type=\"form.default\">\n\t\t\t\t<div class=\"elementor-widget-container\">\n\t\t\t\t\t\t\t<form class=\"elementor-form\" method=\"post\" name=\"New Form\" aria-label=\"New Form\">\n\t\t\t<input type=\"hidden\" name=\"post_id\" value=\"6542\"\/>\n\t\t\t<input type=\"hidden\" name=\"form_id\" value=\"273b1c3f\"\/>\n\t\t\t<input type=\"hidden\" name=\"referer_title\" value=\"Vereinsgeschichte\" \/>\n\n\t\t\t\t\t\t\t<input type=\"hidden\" name=\"queried_id\" value=\"6542\"\/>\n\t\t\t\n\t\t\t<div class=\"elementor-form-fields-wrapper elementor-labels-above\">\n\t\t\t\t\t\t\t\t<div class=\"elementor-field-type-text elementor-field-group elementor-column elementor-field-group-name elementor-col-100\">\n\t\t\t\t\t\t\t\t\t\t\t\t\t<input size=\"1\" type=\"text\" name=\"form_fields[name]\" id=\"form-field-name\" class=\"elementor-field elementor-size-sm  elementor-field-textual\" placeholder=\"Vorname, Familienname\">\n\t\t\t\t\t\t\t\t\t\t\t<\/div>\n\t\t\t\t\t\t\t\t<div class=\"elementor-field-type-email elementor-field-group elementor-column elementor-field-group-email elementor-col-100 elementor-field-required elementor-mark-required\">\n\t\t\t\t\t\t\t\t\t\t\t\t\t<input size=\"1\" type=\"email\" name=\"form_fields[email]\" id=\"form-field-email\" class=\"elementor-field elementor-size-sm  elementor-field-textual\" placeholder=\"E-Mail*\" required=\"required\">\n\t\t\t\t\t\t\t\t\t\t\t<\/div>\n\t\t\t\t\t\t\t\t<div class=\"elementor-field-type-textarea elementor-field-group elementor-column elementor-field-group-message elementor-col-100\">\n\t\t\t\t\t<textarea class=\"elementor-field-textual elementor-field  elementor-size-sm\" name=\"form_fields[message]\" id=\"form-field-message\" rows=\"4\" placeholder=\"Ihre Nachricht an uns\"><\/textarea>\t\t\t\t<\/div>\n\t\t\t\t\t\t\t\t<div class=\"elementor-field-type-acceptance elementor-field-group elementor-column elementor-field-group-field_d2d07d7 elementor-col-100 elementor-field-required elementor-mark-required\">\n\t\t\t\t\t\t\t<div class=\"elementor-field-subgroup\">\n\t\t\t<span class=\"elementor-field-option\">\n\t\t\t\t<input type=\"checkbox\" name=\"form_fields[field_d2d07d7]\" id=\"form-field-field_d2d07d7\" class=\"elementor-field elementor-size-sm  elementor-acceptance-field\" required=\"required\">\n\t\t\t\t<label for=\"form-field-field_d2d07d7\">* Ich stimme zu, dass meine Angaben aus dem Kontaktformular zur Beantwortung meiner Anfrage erhoben und verarbeitet werden. Die Daten werden nach abgeschlossener Bearbeitung dieser Anfrage gel\u00f6scht.<br><br>Hinweis: Sie k\u00f6nnen Ihre Einwilligung jederzeit f\u00fcr die Zukunft per E-Mail an <a href=\"mailto:info@tierschutz-bremerhaven.de\">info@tierschutz-bremerhaven.eu<\/a> widerrufen.<br>Detaillierte Informationen zum Umgang mit Nutzerdaten finden Sie in unserer <a href=\"\/datenschutz\">Datenschutzerkl\u00e4rung<\/a>.<\/label>\t\t\t<\/span>\n\t\t<\/div>\n\t\t\t\t\t\t<\/div>\n\t\t\t\t\t\t\t\t<div class=\"elementor-field-type-recaptcha_v3 elementor-field-group elementor-column elementor-field-group-field_e36c73d elementor-col-100 recaptcha_v3-bottomright\">\n\t\t\t\t\t<div class=\"elementor-field\" id=\"form-field-field_e36c73d\"><div class=\"elementor-g-recaptcha\" data-sitekey=\"6Ldi1m4cAAAAAPd0qcK5uS6ZL-mzRx4Po2Yorhn1\" data-type=\"v3\" data-action=\"Form\" data-badge=\"bottomright\" data-size=\"invisible\"><\/div><\/div>\t\t\t\t<\/div>\n\t\t\t\t\t\t\t\t<div class=\"elementor-field-group elementor-column elementor-field-type-submit elementor-col-100 e-form__buttons\">\n\t\t\t\t\t<button class=\"elementor-button elementor-size-sm\" type=\"submit\">\n\t\t\t\t\t\t<span class=\"elementor-button-content-wrapper\">\n\t\t\t\t\t\t\t\t\t\t\t\t\t\t\t\t\t\t\t\t\t\t<span class=\"elementor-button-text\">Senden<\/span>\n\t\t\t\t\t\t\t\t\t\t\t\t\t<\/span>\n\t\t\t\t\t<\/button>\n\t\t\t\t<\/div>\n\t\t\t<\/div>\n\t\t<\/form>\n\t\t\t\t\t\t<\/div>\n\t\t\t\t<\/div>\n\t\t\t\t\t<\/div>\n\t\t<\/div>\n\t\t\t\t\t<\/div>\n\t\t<\/section>\n\t\t\t\t<\/div>\n\t\t","protected":false},"excerpt":{"rendered":"<p>Die Vereinsgeschichte Es waren die Markt- und Kutschpferde, die zur Gr\u00fcndung des Tierschutzes Bremerhaven beitrugen. Das Ehepaar Nelli und Walter Haas beschloss am 22.11.1922 gemeinsam mit 16 Mitstreitern, sich f\u00fcr diese geschundenen Tiere und die \u00fcberlasteten Pferde in den Sandfuhrwerken einzusetzen. Sie bauten in der Auerstra\u00dfe einen Stall, in dem 12 Pferde betreut werden konnten. [&hellip;]<\/p>\n","protected":false},"author":3,"featured_media":0,"parent":1093,"menu_order":0,"comment_status":"closed","ping_status":"closed","template":"","meta":{"footnotes":""},"class_list":["post-6542","page","type-page","status-publish","hentry"],"_links":{"self":[{"href":"https:\/\/www.tierschutz-bremerhaven.eu\/pl\/wp-json\/wp\/v2\/pages\/6542","targetHints":{"allow":["GET"]}}],"collection":[{"href":"https:\/\/www.tierschutz-bremerhaven.eu\/pl\/wp-json\/wp\/v2\/pages"}],"about":[{"href":"https:\/\/www.tierschutz-bremerhaven.eu\/pl\/wp-json\/wp\/v2\/types\/page"}],"author":[{"embeddable":true,"href":"https:\/\/www.tierschutz-bremerhaven.eu\/pl\/wp-json\/wp\/v2\/users\/3"}],"replies":[{"embeddable":true,"href":"https:\/\/www.tierschutz-bremerhaven.eu\/pl\/wp-json\/wp\/v2\/comments?post=6542"}],"version-history":[{"count":13,"href":"https:\/\/www.tierschutz-bremerhaven.eu\/pl\/wp-json\/wp\/v2\/pages\/6542\/revisions"}],"predecessor-version":[{"id":7652,"href":"https:\/\/www.tierschutz-bremerhaven.eu\/pl\/wp-json\/wp\/v2\/pages\/6542\/revisions\/7652"}],"up":[{"embeddable":true,"href":"https:\/\/www.tierschutz-bremerhaven.eu\/pl\/wp-json\/wp\/v2\/pages\/1093"}],"wp:attachment":[{"href":"https:\/\/www.tierschutz-bremerhaven.eu\/pl\/wp-json\/wp\/v2\/media?parent=6542"}],"curies":[{"name":"wp","href":"https:\/\/api.w.org\/{rel}","templated":true}]}}

<div data-elementor-type="wp-page" data-elementor-id="6542" class="elementor elementor-6542" data-elementor-post-type="page">
						<section class="elementor-section elementor-top-section elementor-element elementor-element-586dfa42 elementor-section-boxed elementor-section-height-default elementor-section-height-default" data-id="586dfa42" data-element_type="section" data-e-type="section">
						<div class="elementor-container elementor-column-gap-custom">
					<div class="elementor-column elementor-col-100 elementor-top-column elementor-element elementor-element-3d5e28bc" data-id="3d5e28bc" data-element_type="column" data-e-type="column">
			<div class="elementor-widget-wrap elementor-element-populated">
						<div class="elementor-element elementor-element-4e9427d7 elementor-widget elementor-widget-heading" data-id="4e9427d7" data-element_type="widget" data-e-type="widget" data-widget_type="heading.default">
				<div class="elementor-widget-container">
					<h2 class="elementor-heading-title elementor-size-default">Die Vereinsgeschichte</h2>				</div>
				</div>
				<div class="elementor-element elementor-element-71cde503 elementor-widget elementor-widget-text-editor" data-id="71cde503" data-element_type="widget" data-e-type="widget" data-widget_type="text-editor.default">
				<div class="elementor-widget-container">
									<p>Es waren die Markt- und Kutschpferde, die zur Gründung des Tierschutzes Bremerhaven beitrugen. Das Ehepaar Nelli und Walter Haas beschloss am 22.11.1922 gemeinsam mit 16 Mitstreitern, sich für diese geschundenen Tiere und die überlasteten Pferde in den Sandfuhrwerken einzusetzen. Sie bauten in der Auerstraße einen Stall, in dem 12 Pferde betreut werden konnten. Damit stießen sie anfangs jedoch nicht nur auf Zuspruch &#8211; Spott und Hohn schlug ihnen entgegen. Tierschutzinspektionen mussten damals sogar unter Polizeischutz durchgeführt werden.</p><p>Der Stall wurde im Krieg zerstört. Trotz aller Gegenwehr standen die Mitglieder den Tieren weiter tapfer zur Seite, bauten den Stall wieder auf und erweiterten ihn – nun konnten auch Katzen aufgenommen werden. 1957 entstand auf der Wurster Straße ein neues Tierheim. Nun konnten noch viele andere Tiere ein Zuhause finden. Manche sogar von ganz allein: Katzenmama Britt schleppte ihre Babys nach und nach ins neue Haus und sorgte so für die inoffizielle Eröffnung. Neben Katzen wurden nun auch Hunde, Vögel und Nager umsorgt. Inzwischen war der Verein auf über 300 Mitglieder gewachsen und die Zahl derer, die helfen und Gutes tun wollten, stieg immer weiter. Heute hat der Verein die magische Zahl von 1000 Mitgliedern erreicht, die mit Spenden jeglicher Art dafür sorgen, dass es den Tieren gut geht.</p><p>Doch auch die Tierarten und ihre Bedürfnisse wurden immer vielfältiger. 2012 fiel die Entscheidung, ein neues Tierheim am Vieländer Weg zu bauen. 2020 wurde Eröffnung gefeiert. Nicht nur Hunde, Katzen, Vögel und Kaninchen sind nun hier beheimatet, sondern auch Schildkröten, Hühner und Igel werden versorgt. Und auch einen Pferdestall wird es wieder geben – nachdem vor 100 Jahren alles damit begann.</p>								</div>
				</div>
				<div class="elementor-element elementor-element-e7d2507 elementor-widget elementor-widget-image" data-id="e7d2507" data-element_type="widget" data-e-type="widget" data-widget_type="image.default">
				<div class="elementor-widget-container">
															<img fetchpriority="high" decoding="async" width="768" height="542" src="https://www.tierschutz-bremerhaven.eu/wp-content/uploads/2022/11/07_Plakat_Jubilaeum_Tierschutz_BRH_page-0001-768x542.jpg" class="attachment-medium_large size-medium_large wp-image-7649" alt="" srcset="https://www.tierschutz-bremerhaven.eu/wp-content/uploads/2022/11/07_Plakat_Jubilaeum_Tierschutz_BRH_page-0001-768x542.jpg 768w, https://www.tierschutz-bremerhaven.eu/wp-content/uploads/2022/11/07_Plakat_Jubilaeum_Tierschutz_BRH_page-0001-300x212.jpg 300w, https://www.tierschutz-bremerhaven.eu/wp-content/uploads/2022/11/07_Plakat_Jubilaeum_Tierschutz_BRH_page-0001-1024x723.jpg 1024w, https://www.tierschutz-bremerhaven.eu/wp-content/uploads/2022/11/07_Plakat_Jubilaeum_Tierschutz_BRH_page-0001-1536x1085.jpg 1536w, https://www.tierschutz-bremerhaven.eu/wp-content/uploads/2022/11/07_Plakat_Jubilaeum_Tierschutz_BRH_page-0001-2048x1446.jpg 2048w" sizes="(max-width: 768px) 100vw, 768px" />															</div>
				</div>
					</div>
		</div>
					</div>
		</section>
				<section class="elementor-section elementor-top-section elementor-element elementor-element-1d06fdbf elementor-section-content-bottom elementor-section-boxed elementor-section-height-default elementor-section-height-default" data-id="1d06fdbf" data-element_type="section" data-e-type="section" data-settings="{&quot;background_background&quot;:&quot;classic&quot;}">
						<div class="elementor-container elementor-column-gap-no">
					<div class="elementor-column elementor-col-100 elementor-top-column elementor-element elementor-element-55d5acd6" data-id="55d5acd6" data-element_type="column" data-e-type="column">
			<div class="elementor-widget-wrap elementor-element-populated">
						<div class="elementor-element elementor-element-3de3f600 elementor-widget elementor-widget-heading" data-id="3de3f600" data-element_type="widget" data-e-type="widget" data-widget_type="heading.default">
				<div class="elementor-widget-container">
					<h2 class="elementor-heading-title elementor-size-default">Wie können wir helfen?</h2>				</div>
				</div>
				<div class="elementor-element elementor-element-273b1c3f elementor-button-align-stretch elementor-widget elementor-widget-form" data-id="273b1c3f" data-element_type="widget" data-e-type="widget" data-settings="{&quot;step_next_label&quot;:&quot;Next&quot;,&quot;step_previous_label&quot;:&quot;Previous&quot;,&quot;button_width&quot;:&quot;100&quot;,&quot;step_type&quot;:&quot;number_text&quot;,&quot;step_icon_shape&quot;:&quot;circle&quot;}" data-widget_type="form.default">
				<div class="elementor-widget-container">
							<form class="elementor-form" method="post" name="New Form" aria-label="New Form">
			<input type="hidden" name="post_id" value="6542"/>
			<input type="hidden" name="form_id" value="273b1c3f"/>
			<input type="hidden" name="referer_title" value="Vereinsgeschichte" />

							<input type="hidden" name="queried_id" value="6542"/>
			
			<div class="elementor-form-fields-wrapper elementor-labels-above">
								<div class="elementor-field-type-text elementor-field-group elementor-column elementor-field-group-name elementor-col-100">
													<input size="1" type="text" name="form_fields[name]" id="form-field-name" class="elementor-field elementor-size-sm  elementor-field-textual" placeholder="Vorname, Familienname">
											</div>
								<div class="elementor-field-type-email elementor-field-group elementor-column elementor-field-group-email elementor-col-100 elementor-field-required elementor-mark-required">
													<input size="1" type="email" name="form_fields[email]" id="form-field-email" class="elementor-field elementor-size-sm  elementor-field-textual" placeholder="E-Mail*" required="required">
											</div>
								<div class="elementor-field-type-textarea elementor-field-group elementor-column elementor-field-group-message elementor-col-100">
					<textarea class="elementor-field-textual elementor-field  elementor-size-sm" name="form_fields[message]" id="form-field-message" rows="4" placeholder="Ihre Nachricht an uns"></textarea>				</div>
								<div class="elementor-field-type-acceptance elementor-field-group elementor-column elementor-field-group-field_d2d07d7 elementor-col-100 elementor-field-required elementor-mark-required">
							<div class="elementor-field-subgroup">
			<span class="elementor-field-option">
				<input type="checkbox" name="form_fields[field_d2d07d7]" id="form-field-field_d2d07d7" class="elementor-field elementor-size-sm  elementor-acceptance-field" required="required">
				<label for="form-field-field_d2d07d7">* Ich stimme zu, dass meine Angaben aus dem Kontaktformular zur Beantwortung meiner Anfrage erhoben und verarbeitet werden. Die Daten werden nach abgeschlossener Bearbeitung dieser Anfrage gelöscht.<br><br>Hinweis: Sie können Ihre Einwilligung jederzeit für die Zukunft per E-Mail an <a href="mailto:info@tierschutz-bremerhaven.de">info@tierschutz-bremerhaven.eu</a> widerrufen.<br>Detaillierte Informationen zum Umgang mit Nutzerdaten finden Sie in unserer <a href="/datenschutz">Datenschutzerklärung</a>.</label>			</span>
		</div>
						</div>
								<div class="elementor-field-type-recaptcha_v3 elementor-field-group elementor-column elementor-field-group-field_e36c73d elementor-col-100 recaptcha_v3-bottomright">
					<div class="elementor-field" id="form-field-field_e36c73d"><div class="elementor-g-recaptcha" data-sitekey="6Ldi1m4cAAAAAPd0qcK5uS6ZL-mzRx4Po2Yorhn1" data-type="v3" data-action="Form" data-badge="bottomright" data-size="invisible"></div></div>				</div>
								<div class="elementor-field-group elementor-column elementor-field-type-submit elementor-col-100 e-form__buttons">
					<button class="elementor-button elementor-size-sm" type="submit">
						<span class="elementor-button-content-wrapper">
																						<span class="elementor-button-text">Senden</span>
													</span>
					</button>
				</div>
			</div>
		</form>
						</div>
				</div>
					</div>
		</div>
					</div>
		</section>
				</div>

<p>Die Vereinsgeschichte Es waren die Markt- und Kutschpferde, die zur Gründung des Tierschutzes Bremerhaven beitrugen. Das Ehepaar Nelli und Walter Haas beschloss am 22.11.1922 gemeinsam mit 16 Mitstreitern, sich für diese geschundenen Tiere und die überlasteten Pferde in den Sandfuhrwerken einzusetzen. Sie bauten in der Auerstraße einen Stall, in dem 12 Pferde betreut werden konnten. [&hellip;]</p>
